 - v**3 + 77*v**2 - 82*v**2 - k. Calculate n(m).
6
Let n = 14 - 11. Let h(q) = 8 - n - 92*q + 91*q. Suppose 2*u - 8 = -c, 5*c + u - 5 = -1. Give h(c).
5
Suppose 7*o = 3*o + 4*q + 88, -2*o - 4*q + 62 = 0. Suppose -3*l - 19 = -4*n, -5*l - 5*n + o = -10*l. Let c(v) = 0 + 1 + 13*v**2 - v**2. What is c(l)?
13
Let m(q) = -4*q - 3. Let l(b) = 7*b - 8. Let w(u) = -5*u + 6. Let t(a) = 2*l(a) + 3*w(a). Let j be t(-4). What is m(j)?
-27
Let n(q) be the first derivative of 11*q**2 + 4*q + 663. Calculate n(4).
92
Let n(b) = 2*b**2 + 2*b - 2. Let m(r) = 112*r - 3*r**2 - r**3 + r**3 + 6 + r**3 - 116*r. Let l be m(4). Let q be ((-4)/l)/((-5)/(-15)). Calculate n(q).
2
Let d be (672/(-60) - -10)/(1 - 15/25). Let j(r) = -8*r + 8. Give j(d).
32
Let f(n) = -n + 1. Let m(a) = -a + 1. Let b(q) = 5*f(q) - 4*m(q). Let d(u) = -52*u - 2543. Let l be d(-49). Give b(l).
-4
Let g(v) = -v**3 - 14*v**2 + 5*v - 4. Let h = 2910 - 2924. Calculate g(h).
-74
Let o = -839 - -842. Let q(p) be the third derivative of 8*p**2 + 0 + 1/24*p**4 + 0*p + 2/3*p**o. Calculate q(5).
9
Let u = -249 - -253. Let x(b) = -b**3 + 2*b + 2. What is x(u)?
-54
Let p = 53 + -50. Suppose 3*a - 6*g + g = 28, p*a - 2*g - 13 = 0. Let x(o) = 2*o + 11 - o**2 - a - 7. Calculate x(5).
-12
Let u = 1027 + -1029. Let x(s) = -20*s**2 + 4*s. What is x(u)?
-88
Let k(a) = -a**3 + 14*a**2 + 65*a + 118. Let l be k(18). Let g(y) = 2*y**2 + 11*y - 47. What is g(l)?
-7
Let t(y) = 4*y + 11. Let p be t(-2). Suppose p*v + 0*l + l - 19 = 0, 5*v - 29 = -3*l. Let d(z) = 39 - 6*z**2 - 15 - 18 - 8*z + z**3. Calculate d(v).
-1
Let c(r) = -3*r**3 - r**2. Let j be (-2 + (-39)/(-21))/((-7)/49). Calculate c(j).
-4
Suppose -8*t + 215 = -3*t - 5*y, -t - y + 47 = 0. Let i = -45 + t. Let u(p) = -3 + p + 2*p + i*p. Determine u(-3).
-12
Let m(h) be the third derivative of -h**6/60 + h**5/5 - h**4/8 - h**3/6 - 8*h**2 - 5*h + 3. Calculate m(6).
-19
Let m(q) = q**3 + q**2 - q + 3. Let b(c) = -c**3 - 12*c**2 + 12*c - 13. Let o be b(-13). Let k be m(o). Let h be 2*(0 - (k - 4)). Let a(x) = 3*x - 3. Give a(h).
3
Let u(m) = 5*m - 9 - 3*m - 4*m. Suppose 0 = 42*x - 30*x - 120. Calculate u(x).
-29
Suppose -5*k = -w - 8*k + 17, -2*w + k = -20. Suppose 11 - 22 = -w*i. Let u(r) = -7*r**3 - 2*r**2 + r. Determine u(i).
-8
Let p(m) = 9*m - 11 + 9 - 27*m**2 + m**3 - 19*m - 18*m + 20. Determine p(28).
18
Let y(d) = -111*d + 13. Let l(h) = 34*h - 5. Let w(u) = 7*l(u) + 2*y(u). Calculate w(5).
71
Let r(k) be the first derivative of -k**4/12 - k**3/6 - k**2/2 + 82*k + 46. Let q(o) be the first derivative of r(o). Let y be (-6)/(-8)*4/(-1). Determine q(y).
-7
Let y(f) = -67*f + 5*f**2 + 44 + 45*f + 49*f. Let u(n) = -n**2 - 7*n - 11. Suppose x + 24 = -3*q + 1, -3 = -q - 3*x. Let h(i) = q*u(i) - 2*y(i). Determine h(9).
11
Let d be 44/(-4) + 6 - (1 - 12). Let q(k) = -13 + d + k**3 + k + 13 - k**2. Give q(0).
6
Let j(x) = 6*x**2 - 8*x + 15. Let d be j(6). Suppose -189 = l - d. Let m(s) = s**3 + 7*s**2 + 7*s + 4. Calculate m(l).
-2
Suppose -2125 = 2085*m - 19404 - 3571. Let c(p) = -3*p**3 - p + 10*p**2 + 3*p**3 - p**3 + 12. Give c(m).
2
Let n(w) be the second derivative of w**5/20 + 5*w**4/12 + 5*w**3/6 + w**2 + 3*w. Let a = -387 + 389. Suppose -h + 3*j - 12 = -3, -2*h + a*j = 10. What is n(h)?
5
Let i(t) = -7*t + 42. Let f(o) = -75*o + 455. Let n(x) = 6*f(x) - 65*i(x). Give n(4).
20
Suppose -z + 16 = -2*l + 4, 4*z + 2*l - 28 = 0. Let v = 20 - z. Let o(n) = -7*n - 5 + 2*n + v + 4*n. Give o(6).
1
Let u = -699 + 702. Suppose -f = -5*p + 104, -17*p + 102 = -12*p - u*f. Let o(l) = l**2 - 21*l - 7. Calculate o(p).
-7
Let s = -10 + 15. Let a(k) = -15*k - 23*k + 0 - s + 39*k. Give a(-5).
-10
Let y(j) = -j**2 - 2*j + 2. Suppose 3*w = -3*m + 204, 0*m - 3*m = -5*w - 196. Let v = m + -64. Determine y(v).
-13
Let a(z) = z**2 - 60*z + 672. Suppose 0 = -11*c + 2*n + 159, -5*c - 5*n + 13 = -77. Give a(c).
-3
Suppose -2*a + a = -5*f + 22, -5*a - 14 = -f. Let b(o) = 37*o - 13*o**2 - 6*o**2 - 24 + o**3 - 14*o - f*o**2. Determine b(22).
-2
Let y(r) be the first derivative of -2*r**3 - 11*r**2 - 5*r - 5713. Calculate y(-3).
7
Let c(a) = -6*a - 44 + 39 + 15. Determine c(3).
-8
Let r(m) = 308*m**2 + 8*m**2 - 45*m - 359*m**2 + 42 + m**3. What is r(44)?
-2
Let d(k) be the third derivative of -k**5/60 - k**4/24 + 8*k**3/3 + 11*k**2. Let m(c) = 3*c**3 - 18*c**2 + 2*c - 17. Let j be m(6). Determine d(j).
-4
Let z(a) = a**2 - 7*a + 8. Let f be z(6). Let s(v) = 0 - 1 - 3*v**f + 2*v**2 + 5*v + 2*v**2. Suppose -44 = -2*x - d - 55, 3*d + 6 = 3*x. Determine s(x).
-7
Let v(y) = y**3 + 8*y**2 + 10*y - 11. Suppose 3*r - 78 = 48. Suppose r*n + 245 = -7. Give v(n).
1
Suppose -4*q = 5*i + 131, 2*q - 102 = 4*i + 8. Let t = -47 - i. Let z be -4 - -5*8/t. Let l(w) = -2*w - 3. Determine l(z).
9
Let n(s) = -s**3 + 4*s**2 + 3*s - 5. Let b be n(3). Let k(c) be the second derivative of -c**5/20 + 7*c**4/6 - 2*c**3 - 13*c**2/2 - 1130*c. What is k(b)?
0
Let r(h) = 15*h**3 - 9*h**2 - 4*h. Let g = 20 - 24. Let j(k) = -14*k**3 + 7*k**2 + 3*k. Let p(i) = g*j(i) - 3*r(i). What is p(1)?
10
Let x(p) be the second derivative of p**4/12 - 13*p**2/2 + 59*p. Let k be 0/(-80)*(0 + 1). Give x(k).
-13
Let j(q) = -9*q**2 + 2*q - 2. Let m(k) = -84*k + 589. Let d be m(7). Give j(d).
-9
Let i(f) = 7*f + 28. Let a(d) = 4*d + 31. Let v(z) = 4*a(z) - 3*i(z). Determine v(6).
10
Let w(j) = j**2 + j - 1. Let g(r) = 6*r**2 - 3*r + 4. Let b(t) = -g(t) + 5*w(t). Let l(i) = -i**3 - 31*i**2 - 57*i + 32. Let m be l(-29). Calculate b(m).
6
Let c(m) = -m - 21. Let b(z) = z**2 - 26*z - 36. Let x(n) = n**3 - 33*n + 9. Let j be x(6). Let u be b(j). Determine c(u).
-12
Suppose 2*u + 3 + 39 = -4*r, u + 57 = -5*r. Let k(f) = 3*f**2 + 35*f - 11. Calculate k(r).
1
Let r(u) = 6*u + 3. Let d = 1 - -59. Suppose 37*n = 51 + d. Determine r(n).
21
Let y(p) be the first derivative of 19/2*p**2 - 1/3*p**3 - 19*p - 4. Calculate y(18).
-1
Let o(p) = -p**3 - 11*p**2 - 7*p + 25. Suppose 3*i - t - 26 = 6*i, 5*t - 60 = 4*i. Give o(i).
-5
Suppose -10*r = -8*r - 10. Suppose r*v - 43 = -b + 7, -2*b + 37 = 3*v. Let n(i) = -8*i**2 + 2*i - 2*i + v*i**2 - 2. What is n(-3)?
7
Let y(v) = -6*v**3 - v + 6. Let l(m) = 2*m - 13*m**3 - 8*m**3 - 10 - 16*m**3 + 50*m**3. Let p(b) = 3*l(b) + 5*y(b). Calculate p(1).
10
Let o(p) = -p**3 + 8*p**2 - 11*p - 7. Suppose -5*f + 3*l + 750 = -0*f, -3*l + 600 = 4*f. Let n be 10*18/f*5. Give o(n).
-1
Let y(j) = -3*j**3 + 34*j**2 + 27*j - 38. Let q be y(12). Let v(d) = -6*d**3 + d**2 + 4*d. What is v(q)?
44
Let y(n) = n - 4. Let r be y(4). Let k be (r - (-28)/4)/(-1 + 0). Let q(l) = -3*l - 22. Let v be q(k). Let z(w) = -15*w. What is z(v)?
15
Let a(m) be the first derivative of -m**4/4 - 8*m**3/3 + 9*m**2/2 - 11*m - 3890. Give a(-9).
-11
Let o(x) be the third derivative of -x**6/120 + x**5/60 + 7*x**4/24 - x**3/3 + 2*x**2 - 42*x. Let d be o(3). Let v(z) = 20*z - 1. Give v(d).
19
Let q(i) = -i**3 - 4*i**2 - 3*i + 6. Let c be (-2)/120*6 + 78/(-20). Give q(c).
18
Let i(y) = y**3 + 2*y**2 + y + 1. Let w = -39 - -40. Let a be 0 + 3 - (w + 0 - 58). Let k be 14/(-12)*1 + 10/a. Give i(k).
1
Let d(i) = i**2 - 8*i - 38. Suppose 0*m + 132 = 12*m. Let l be d(m). Let p(k) = -k - 1. Determine p(l).
4
Suppose 5*v = 0, -95 = -5*s + v - 0*v. Suppose -10*y = -69 + s. Let i(j) be the first derivative of -j**4/4 + 4*j**3/3 + 2*j**2 - 5*j + 1. Calculate i(y).
-10
Let p(m) be the second derivative of m**3/3 - 43*m**2/2 - 838*m. What is p(19)?
-5
Suppose 68 = -4*d + 8*d. Let p(v) = -d*v + 5 + 13*v - 1. Let i be (-6 - -4)*6/(-4). What is p(i)?
-8
Let p(k) = k**2 - 33*k + 277. Let u = -1837 - -1853. Calculate p(u).
5
Let m(r) = 38*r**2 - 97*r + 7. Let p(j) = -j**2 - 34*j + 1. Let s(w) = -m(w) + 3*p(w). Determine s(-1).
-40
Let c = 10 + -7. Let g(v) = 5 - 3 - 2 + v + c. Suppose -30*n + 20 = -3*i - 34*n, -i + 3*n = -15. What is g(i)?
3
Let a(g) be the third derivative of 0*g**3 + 0*g + 0*g**4 - 1/10*g**5 + 21 + g**2. Calculate a(-1).
-6
Let g(j) be the third derivative of -4*j**5/15 + j**3/6 + j**2. Let x = 209 - 215. Let y be x/9*(2 + 3/(-6)). Give g(y).
-15
Let g(t) be the second derivative of 11*t**3/6 - 17*t**2/2 - 4393*t - 1. What is g(5)?
38
Let h be -4*(-259)/84*3. Let k(a) = a - 2. Let o(v) = 74. Let m(d) = h*k(d) + o(d). What is m(1)?
37
Let h(t) be the third de